2/20 - (-50904)/560. Calculate the greatest common factor of r and d.
13
Let y = -50 + 75. Let j(d) = -3*d - 52. Let c be j(-19). What is the greatest common divisor of c and y?
5
Let p be (-3)/(-4) + 59/(-4) - 1. Let j(h) = -6*h - 2. Let t be j(3). Let l be (64/t)/(6/p). Calculate the greatest common factor of l and 88.
8
Let j be (2/(-5))/((-2)/160). Let v = j - 20. Let c = 7 - 4. Calculate the highest common divisor of c and v.
3
Suppose -3*n = 4*z - 271, -20*n + 15 = -25*n. What is the greatest common factor of 50 and z?
10
Let w(r) = -r**3 - 5*r**2 + 4*r - 5. Let f be 3*(1 + -3)*1. Let g be w(f). Suppose -2*i + g*i = 120. What is the highest common divisor of 8 and i?
8
Let h(z) = -8*z + 35. Let q be h(-10). What is the highest common factor of 69 and q?
23
Suppose v = 2*q + 31, 5*v - 163 = -4*q - 50. What is the greatest common factor of v and 1025?
25
Suppose -27*a + 6 = -291. Let f = -19 - -52. Calculate the greatest common factor of f and a.
11
Let v = -812 + 882. Calculate the greatest common divisor of 1540 and v.
70
Let z(w) = 2*w**2 - 20*w + 114. Let u be z(11). What is the highest common divisor of u and 68?
68
Let r be 380 + (-6 - -6) + -6. What is the highest common divisor of 11 and r?
11
Suppose -16*c = -11*c + 30. Let z(k) = k + 3*k + 4 + k**2 + k. Let r be z(c). What is the greatest common divisor of r and 90?
10
Let t(h) = -h**3 + 12*h**2 - 11*h - 5. Let s = 9 + 1. Let v be t(s). Suppose -9*d + 136 = -d. What is the highest common factor of v and d?
17
Let o be -9 - (-7 + -10 + -1210). Calculate the highest common divisor of 58 and o.
58
Suppose 0 = -31*u + 931 + 619. What is the highest common divisor of 225 and u?
25
Let h(p) = -p**3 - 11*p**2 - 25*p - 1. Let i be h(-3). Let r(d) = -d**3 + 5*d**2 + 2*d - 7. Let o be r(5). Calculate the highest common factor of i and o.
1
Let p(i) = 3*i - 33. Let b be p(20). Suppose -4*r - 2*k = -40, 4*r + 0*r + k = 38. Calculate the highest common divisor of b and r.
9
Let t be -5*(-6)/10*1. Suppose 4*w = -5*n - 2, -w = 5*n - n - 5. Suppose 71 = 5*v + t*y, 4*y - 4 = -n*v + 16. What is the highest common divisor of v and 48?
16
Suppose 11*g = 8*g - 24. Let y be 2*(1 - 1 - g). What is the highest common divisor of y and 24?
8
Let d be (876/10)/(138/230). Calculate the highest common factor of d and 219.
73
Let h(n) = -n**3 - 10*n**2 + n. Let r be h(-10). Let l = 24 + r. Let i be 6/(-1)*(-14)/3. What is the greatest common divisor of l and i?
14
Let y = 740 + -314. What is the greatest common divisor of 6 and y?
6
Let x be (-276)/(-2) - (-3 - 0). Let u = -87 + x. What is the greatest common divisor of u and 6?
6
Let y(d) = -d**2 + 39*d - 114. Let s be y(32). What is the highest common divisor of 1760 and s?
110
Let u = -2 + 5. Let p(n) = -n**3 + 2*n**2 + 4*n - 1. Let r be p(u). Suppose 0 = t, -o + 2*t + 14 = -0*t. What is the highest common divisor of r and o?
2
Let n be 44/(1/(-3)*5/(-35)). Calculate the highest common factor of 22 and n.
22
Let g be 1 + 1*-25*-1. Let w = 1187 - 1184. Suppose -w*z = -77 + g. Calculate the greatest common divisor of 136 and z.
17
Let g = -495 + 507. What is the highest common factor of 588 and g?
12
Let x = -15 + 11. Let d = -25 - x. Let g = -18 - d. Calculate the greatest common factor of g and 15.
3
Suppose -14*a - 112 = -15*a. Calculate the greatest common divisor of 35 and a.
7
Let w(g) = g**3 + 5*g**2 - g + 1. Let v(o) = o**3 - 11*o**2 - 25*o - 16. Let n be v(13). Let x be w(n). Calculate the highest common factor of 242 and x.
22
Suppose -q - 1 = -3*c + 9, -3*c = 3*q - 18. Suppose -5*h - 4*n + 92 = -q*n, -5*n - 49 = -3*h. Calculate the greatest common divisor of h and 144.
18
Let r(w) = 3*w - 1. Suppose -2 = -2*g - 0*g. Let y be r(g). Suppose 0 = y*t - 4, 0*z = z - 5*t - 331. What is the highest common divisor of 31 and z?
31
Suppose 63*n - 61*n = 10. Suppose -n*t - 140 - 66 = -2*c, -5*c + 482 = 4*t. Calculate the greatest common divisor of 14 and c.
14
Let i be -270*(192/(-9))/16. What is the highest common divisor of i and 576?
72
Suppose -q + 206 = -2*o, -5*q + 1060 = -5*o + o. Calculate the greatest common factor of q and 270.
54
Suppose 0 = -2*t + 4*d + 72, 0 = -2*d + 3*d + 2. Let r = -13 + 33. Suppose -2*k + r = 3*k. What is the highest common divisor of t and k?
4
Let v be (-2)/(-2) + 245/5. Suppose 2*w - v = -0*w. Calculate the greatest common divisor of w and 25.
25
Let l be (-237)/(-9) - 24/18. Suppose -8*o + l*o = 357. What is the greatest common divisor of 7 and o?
7
Let b be 80 + 3*55/(-33). What is the greatest common factor of b and 105?
15
Suppose -4*v - 10 = -26. Let i(z) = z**2 - 2. Let r be i(1). Let t(y) = -2*y**3 - 2*y - 2. Let l be t(r). Calculate the greatest common factor of v and l.
2
Let m = -363 + 403. What is the highest common factor of m and 15?
5
Suppose 0 + 15 = -5*q, 5*x = -5*q + 30. Let n be x/12 + (-1132)/16. Let s be (-4 - -10)/((-4)/n). Calculate the highest common factor of 15 and s.
15
Let s(h) be the third derivative of h**6/120 + 2*h**5/15 - 11*h**4/24 - 17*h**3/6 + 12*h**2. Let k be s(-9). Calculate the greatest common divisor of 8 and k.
1
Let z(f) = 3*f + 29. Let h be z(2). What is the greatest common factor of h and 280?
35
Suppose 0 = 31*w - 81*w + 9600. What is the greatest common divisor of w and 1248?
96
Let f be ((-148)/(-8))/((-14)/(-1288)). What is the greatest common factor of f and 37?
37
Suppose 0 = -4*o - 2*m + 64, -6*m + 34 = o - m. Let w = 20 - 6. Calculate the greatest common factor of o and w.
14
Let p = -527 + 543. What is the greatest common divisor of 8 and p?
8
Suppose 0 = m - 2*t - 512 + 62, m + 5*t = 485. Let j be (m/12)/5*3. What is the greatest common divisor of j and 23?
23
Let r = 489 - 343. Let a = r - 111. Calculate the greatest common divisor of a and 7.
7
Let r be 69 - ((-98)/(-16) + (-44)/352). What is the highest common factor of 45 and r?
9
Suppose 0 = 4*w + 8 - 0. Let g be (w/(-4))/((-21)/(-12))*14. Calculate the greatest common divisor of 32 and g.
4
Let j = 2448 - 1536. What is the greatest common factor of 57 and j?
57
Let p be (-1)/((-84)/320 - (-13)/65). Let z be 16 - 0/((-2)/2). What is the greatest common factor of p and z?
16
Suppose 0*i - 11*i - 11 = 0. Let l be (24 - 1)/(i - -2). Calculate the greatest common factor of 207 and l.
23
Suppose -12*j + 203 = 17*j. What is the greatest common divisor of j and 5?
1
Let z(m) = 66*m**3 + m**2 + m + 1. Let v be z(-1). Let w = -2 - v. Let t = -15 + w. Calculate the highest common factor of t and 12.
12
Let o(m) = -42*m - 89. Let k be o(-3). What is the greatest common divisor of k and 185?
37
Suppose -4*u - 3*f = -65, 17 = -u + 5*f + 62. Let t(k) = k**3 + 20*k**2 - 26*k + 35. Let v be t(-21). Calculate the highest common factor of v and u.
20
Let y(d) = -9*d - 3. Let m be y(-3). Let c(w) = -7*w**2 + 225*w - 24. Let u be c(32). What is the highest common factor of u and m?
8
Let z be 228/(-6) + (-1)/(-1). Let b = 58 + z. Let w = -1 + b. Calculate the greatest common factor of w and 180.
20
Suppose 3*k + 198 = -3*j, 2*k - 7*k - 326 = j. Let q = k + 83. What is the highest common factor of q and 198?
18
Suppose 4*u = 3*a + 1597, 2*u + 3*a = -0*u + 821. Suppose -4*r - 115 = -u. Calculate the highest common factor of 8 and r.
8
Suppose -13 + 2 = -5*l + n, 4*l = n + 8. Let x be 404/20 - l/15. Calculate the greatest common factor of x and 8.
4
Let l be (-490)/(-84)*12/2. Calculate the greatest common divisor of l and 10.
5
Suppose 4*g + 3 + 21 = 0. Let c = g + 21. Suppose -5*y + o = -149, -4*o = -y + 26 - 0. What is the greatest common divisor of y and c?
15
Let n(f) = 2*f**2 - 2. Let y be n(4). Suppose y*g - 34*g = -12. What is the greatest common divisor of 6 and g?
3
Suppose -o = 3*o. Suppose 0 = 4*f + 2*b - 78, 3*f + 3*b - 33 - 33 = o. Let h = f - 9. What is the greatest common factor of h and 16?
8
Let x = -28 + 26. Let h be x*((-38)/4 + 1). Calculate the greatest common factor of 34 and h.
17
Let f = -15 + 8. Let k(d) = -d**3 - 7*d**2 + 9. Let p be k(f). Let v = p + 106. Calculate the highest common divisor of 23 and v.
23
Let g be 1*9/15 + 97/5. What is the highest common factor of 290 and g?
10
Let u be (-2 - -3 - 0)/((-2)/(-8)). Suppose 14 + 30 = u*x. What is the highest common divisor of x and 55?
11
Suppose -j - 47 